 + c0?
-542
In base 4, what is 13113232 - 2021122?
11032110
In base 7, what is -1300646364 + 2?
-1300646362
In base 4, what is 103022 + -11201203?
-11032121
In base 15, what is 7b - 5b503?
-5b477
In base 12, what is -25350 + -2154?
-274a4
In base 2, what is 100100110110111010010010 - -1001?
100100110110111010011011
In base 4, what is -123121103221 - 100?
-123121103321
In base 9, what is -66805724 + 3?
-66805721
In base 14, what is -610106 - -35?
-6100b1
In base 3, what is -222222020101 - 11122?
-222222102000
In base 6, what is -21253 - -3242234?
3220541
In base 11, what is 2 - 1557941?
-155793a
In base 6, what is 2050 - -21015?
23105
In base 8, what is 3 - 237146703?
-237146700
In base 4, what is 1333201 + 1200023?
3133230
In base 11, what is 2668 - 2a7?
2371
In base 13, what is -14 - 136a615?
-136a629
In base 9, what is 0 - 80035626?
-80035626
In base 16, what is 33 + -1eb98?
-1eb65
In base 9, what is 5000484 + 6?
5000501
In base 15, what is -5 + -52c3e76?
-52c3e7b
In base 7, what is -53050 - -5554?
-44163
In base 4, what is -21003101110 + -221?
-21003101331
In base 16, what is 1d5d4 + 3b3?
1d987
In base 15, what is 123 + 79cd?
7b01
In base 10, what is 1 + 6660557?
6660558
In base 8, what is 2467350 + 22?
2467372
In base 16, what is -84 - -7847f?
783fb
In base 4, what is 20 + -12113110120?
-12113110100
In base 15, what is bd - 427c4?
-42706
In base 6, what is 1 + 3210212224?
3210212225
In base 12, what is 169a28 - -61a?
16a446
In base 11, what is 305 - 69611?
-69307
In base 9, what is -27707406 + 4?
-27707402
In base 14, what is 27a29c + 4?
27a2a2
In base 12, what is -31326491 + -2?
-31326493
In base 11, what is a2908590 + -1?
a290858a
In base 14, what is 295 + 1c23a?
1c4d1
In base 4, what is 11 + 111102003?
111102020
In base 10, what is -11761926 + 5?
-11761921
In base 15, what is 2 - -cb4cd5?
cb4cd7
In base 6, what is -14415455 + 130?
-14415325
In base 5, what is 1 - 202123441?
-202123440
In base 6, what is -14024010 - -31105?
-13552501
In base 13, what is 2465a - 9b7?
23973
In base 7, what is 65265 + 50?
65345
In base 11, what is -616906a - -1?
-6169069
In base 3, what is 21 - 121220201221?
-121220201200
In base 10, what is 51231 - 95?
51136
In base 16, what is 334cfa - -f?
334d09
In base 12, what is 1378 + 52703?
53a7b
In base 12, what is 9 + -251153?
-251146
In base 10, what is 2203 - 19?
2184
In base 12, what is -1b301 - -426?
-1aa97
In base 16, what is -5 + -12b14f2e?
-12b14f33
In base 5, what is -301 - 3402031231?
-3402032032
In base 8, what is -22566407 + -2?
-22566411
In base 16, what is 77e - -64c?
dca
In base 2, what is 110000001011010010101 + -11?
110000001011010010010
In base 13, what is 535 + -169973?
-16943b
In base 13, what is a91b890 + -5?
a91b888
In base 14, what is 6 + -14dbd5b4?
-14dbd5ac
In base 14, what is 77 + -140a3?
-1402a
In base 2, what is -110000011001111011100011 - 10010?
-110000011001111011110101
In base 16, what is 1ba9f + -13d?
1b962
In base 9, what is -764 - -1266574?
1265710
In base 15, what is 1d8507 - -4?
1d850b
In base 15, what is 95b08b - 1?
95b08a
In base 2, what is 1000001 - 10000111000100100111001?
-10000111000100011111000
In base 13, what is -23221a93 + 2?
-23221a91
In base 6, what is 1510302 - 1032?
1505230
In base 15, what is 32a10 - -19d?
32bad
In base 3, what is 11 + 101210110121221?
101210110122002
In base 11, what is 69aa - 1736?
5274
In base 4, what is 13212220 - 1?
13212213
In base 15, what is -db5 + 704?
-6b1
In base 15, what is -3d7b + -471a?
-8596
In base 11, what is -15 - -2994a5?
299490
In base 14, what is -13d8 + -dc?
-14d6
In base 3, what is -2210011010210111 + -100?
-2210011010210211
In base 8, what is -41 - -57246511?
57246450
In base 7, what is -51151 - 1335?
-52516
In base 16, what is 6e - 24936?
-248c8
In base 15, what is 0 - -7298e1?
7298e1
In base 5, what is -1210 - 13030423?
-13032133
In base 10, what is -3779 - -2413?
-1366
In base 8, what is -17774706 - 247?
-17775155
In base 5, what is 4300240 + -21102?
4224133
In base 4, what is 0 - -3101021300?
3101021300
In base 15, what is -106 - -468c2?
467bb
In base 10, what is -42884 - 51?
-42935
In base 8, what is -21 + -21024763?
-21025004
In base 6, what is -154140244 + -45?
-154140333
In base 14, what is -6 + a2169?
a2163
In base 14, what is -c36c - a4?
-c432
In base 12, what is 28035 - 88?
27b69
In base 10, what is 646 - -94895?
95541
In base 7, what is 5 - 1435216320?
-1435216312
In base 7, what is -454043521 + 5?
-454043513
In base 2, what is -10010000110011111100001111 + 11?
-10010000110011111100001100
In base 8, what is 2154 - -15042?
17216
In base 2, what is 101101110010000100111000110010 + -101?
101101110010000100111000101101
In base 5, what is -12022410031 + -2?
-12022410033
In base 11, what is -65 + 16465?
16400
In base 6, what is -151 + 32025412?
32025221
In base 7, what is -1256 + -3420112?
-3421401
In base 8, what is -24133110 - -115?
-24132773
In base 2, what is 101000110 - -111011001001111?
111011110010101
In base 6, what is -12431435 - 4550?
-12440425
In base 5, what is -334301 - -312?
-333434
In base 11, what is -342a3 - 262?
-34555
In base 6, what is -2232 + 102250?
100014
In base 4, what is 2032 + -11320?
-3222
In base 10, what is -1217 - -767284?
766067
In base 11, what is -331500 + 485?
-331026
In base 15, what is 1b737d - -12?
1b7390
In base 6, what is 0 + -353412?
-353412
In base 5, what is 14 + -422121123?
-422121104
In base 11, what is 1074 + 7a629?
806a2
In base 3, what is -12 + -10210201011011102?
-10210201011011121
In base 12, what is 7038 - -15b8?
8634
In base 6, what is -3512 - 3435514?
-3443430
In base 16, what is -896 - -48?
-84e
In base 6, what is -3 + -3023350400?
-3023350403
In base 3, what is -121022020 - 110102?
-121202122
In base 15, what is 7b6 + 18e8?
21ae
In base 12, what is b6 + -365402?
-365308
In base 6, what is 111335 - 301530?
-150151
In base 2, what is -10100001 + -11000011000110110?
-11000011011010111
In base 8, what is -70 + 20367342?
20367252
In base 16, what is -1858 + fd5?
-883
In base 16, what is -77 + 1743f0?
174379
In base 6, what is 5 + -50341312?
-50341303
In base 15, what is -7a + -6de1?
-6e6b
In base 10, what is -13406 + 24049?
10643
In base 15, what is -5 + 55d36e?
55d369
In base 7, what is 211142 - 1410?
206432
In base 5, what is 1442113 + -444432?
442131
In base 13, what is -b + 125a6518?
125a650a
In base 12, what is 123 - 36063a?
-360517
In base 15, what is -149 - -13a?
-e
In base 7, what is 2462 + -4554635?
-4552143
In base 10, what is 20713 - -10081?
30794
In base 7, what is -34341312 + -14?
-34341326
In base 4, what is 1231031000 - -3010?
1231100010
In base 15, what is -3065905 + 34?
-30658c1
In base 2, what is -11001100011011011011010110 - 100?
-11001100011011011011011010
In base 4, what is 3013233202012 - -2?
3013233202020
In base 9, what is -211 + 63720?
63508
In base 15, what is -10440cd9 - 0?
-10440cd9
In base 5, what is 1024223 + 1423?
1031201
In base 5, what is 144243001321 + -1?
144243001320
In base 9, what is -5703344 - -34?
-5703310
In base 12, what is 610a3 - -7b?
61162
In base 15, what is -12d14 + -98?
-12dac
In base 16, what is 5 - -4dcd7?
4dcdc
In base 9, what is 14081 + 165268?
180360
In base 4, what is 2 - -30131203230?
30131203232
In base 15, what is -3 + -2a9a1b?
-2a9a1e
In base 9, what is -410040 + -4172?
-414222
In base 8, what is 2327305 + -2?
2327303
In base 16, what is f056e + -30f?
f025f
In base 3, what is 100200010 + 11011200?
111211210
In base 15, what is -2 + a2603?
a2601
In base 5, what is -133404402 - -132?
-133404220
In base 16, what is -53e3fe - 2?
-53e400
In base 9, what is -671 - 5842?
-6623
In base 16, what is -23b7 + 6f4?
-1cc3
In base 15, what is 5343924 - 0?
5343924
In base 2, what is 1010011011011 + 100010001101010?
101100101000101
In base 14, what is 3b - 954302?
-9542a5
In base 13, what is 311a - 109a?
2050
In base 8, what is -20242114 + -4?
-20242120
In base 16, what is 142ad07 + 1?
142ad08
In base 5, what is -1111 + 310402322?
310401211
In base 9, what is -45018 - 1418?
-46437
In base 6, what is 0 + -1554413435?
-1554413435
In base 8, what is -1 + -2447621?
-2447622
In base 8, what is 116757 - 1425?
115332
In base 7, what is 652032 - 31?
652001
In base 2, what is 100001111111010 + 110101001?
100010110100011
In base 13, w